 x + 3, -x + 1 = 0. Calculate the remainder when k is divided by t.
8
Let x(q) = -q - 2. What is the remainder when x(-9) is divided by 2?
1
Suppose -5*y = -10, -3*f + 2*y = 4*y - 91. What is the remainder when f is divided by 16?
13
Suppose 0 = 2*b - 41 + 15. Suppose m + h + b = 0, 0 = 2*m - 2*h - 3 + 13. Let w = 19 + m. Calculate the remainder when 39 is divided by w.
9
Let h = 29 - -75. Calculate the remainder when h is divided by 21.
20
Suppose 0 = 5*l + 3*o - 40, 4*l + 2*o - 3*o = 32. Calculate the remainder when 36 is divided by l.
4
Suppose -4 = 3*p + 2. Let v(c) = 11*c - 4. Calculate the remainder when v(3) is divided by 1/p - (-84)/8.
9
Suppose 0 = -a - 9 - 14. Let p = 56 + a. What is the remainder when p is divided by 9?
6
Suppose -f - 3*u + 0*u + 22 = 0, 5*f - 2*u = 25. Calculate the remainder when f is divided by 16/6 + 4/(-6).
1
Let k = -5 - -8. Suppose -4*y + 18 = -k*y. Calculate the remainder when 34 is divided by y.
16
Suppose 353 = 3*q + 77. Let d = -52 + q. What is the remainder when d is divided by 14?
12
Let t be (-1 - -2)*0/(-4). Suppose -4*r - 4 = -3*r, 0 = q + 5*r + 4. Calculate the remainder when 54 is divided by (-2 + t)*1 + q.
12
Let z = 53 + 22. What is the remainder when z is divided by 26?
23
Let w(m) = 69*m + 2. What is the remainder when w(1) is divided by 36?
35
Let v(b) = 3*b + 3. Let r = -71 + 122. Calculate the remainder when r is divided by v(5).
15
Let b = 5 + -4. Suppose i - 14 - b = 0. What is the remainder when i is divided by 8?
7
Let m(x) = 2*x**2 - 7*x + 5. Calculate the remainder when 26 is divided by m(4).
8
Let z be (-1)/(-4 + (1 - -2)). Let g(c) = 5*c**2. Let j be g(z). Suppose j = i + 2. What is the remainder when 5 is divided by i?
2
Let m = 29 - 17. Let l(r) be the second derivative of -11*r**3/3 + 3*r. What is the remainder when l(-1) is divided by m?
10
Let z(m) = m**3 + 10*m**2 - 13*m. What is the remainder when z(-11) is divided by 5?
2
Suppose 0 = 2*b + h + h - 76, 149 = 4*b + h. Suppose 8 = m - 3*m, 3*z = 3*m + 9. Calculate the remainder when b is divided by (z/(-3))/((-1)/(-39)).
11
Suppose 4*n + 42 = 2*f, -23 = -4*f + n + 89. Let j(o) = 2*o - 4. What is the remainder when f is divided by j(7)?
9
Let n(v) = 2*v**3 - 4*v**2 + 5*v - 5. What is the remainder when 7 is divided by n(2)?
2
Let o be (-1)/(((-6)/(-5))/(-6)). What is the remainder when (-2)/(o/(610/(-4))) is divided by 21?
19
Let v = 30 - 16. What is the remainder when 53 is divided by v?
11
Let g = -7 - -10. Suppose g*i - 5*i = -32. What is the remainder when 30 is divided by i?
14
Let g be (-4)/22 + (-92)/(-22). Let y be g*(0 + 51/12). Let m = y - 5. Calculate the remainder when 22 is divided by m.
10
Let v(h) = 16*h**3. Let u(z) = 3*z**2 - z. Let g be u(2). Suppose r = -5*s + g, 2*r - 9 = -0*s + s. What is the remainder when 47 is divided by v(s)?
15
Suppose 0 = -2*x + 5*z + 52, -7*x - 4*z - 92 = -10*x. What is the remainder when 140 is divided by x?
32
Suppose 3*n - 68 = -4*f - n, 4*n = 3*f - 86. Calculate the remainder when 83 is divided by f.
17
Let l(j) = j**2 + 9*j + 2. Calculate the remainder when 2 is divided by l(-9).
0
Suppose -3*a + 23 + 7 = 0. Calculate the remainder when 47 is divided by a.
7
Let m = -14 - -47. Let k = 26 - 14. What is the remainder when m is divided by k?
9
Let s(p) = p**3 - 15*p**2 - p + 17. Let j = 14 - -1. Calculate the remainder when 9 is divided by s(j).
1
Calculate the remainder when 63 + -4 + 6/3*-1 is divided by 15.
12
Let h = -6 + 8. Let k be 221/51 - 2/6. Suppose 4*v + 76 = k*f, 5*v + 38 = h*f + 9. What is the remainder when f is divided by 12?
10
Let w = -28 + 59. What is the remainder when 121 is divided by w?
28
Suppose 0 = -5*h + 6 + 4. Suppose h*y + 2*y = 0. Let m(k) = -k**2 - k + 26. What is the remainder when m(y) is divided by 14?
12
Suppose 0 = 5*d - d - 8. Suppose -d*w = w + 4*c - 122, 4 = -c. Calculate the remainder when w is divided by 24.
22
Suppose -8*l + 4*l - 3*y = -208, 5*y = 5*l - 225. Suppose -51 = -0*v - 3*v. What is the remainder when l is divided by v?
15
Suppose 6 = 3*b - 39. What is the remainder when 41 is divided by b?
11
Let d = -66 + 114. Calculate the remainder when d is divided by 17*(-1 + 3 + -1).
14
Suppose -1756 + 1666 = -3*g. What is the remainder when g is divided by -11*(2/(-1) - -1)?
8
Let x(d) = -2*d**3 - 4*d**2 - d + 2. Let s = -8 + 6. Let m = 32 + -22. Calculate the remainder when m is divided by x(s).
2
Let x(f) = -4*f**3 + f**2 - f - 1. Let a be x(-1). Suppose d + 4*d + a = 5*y, 0 = -3*d - 4*y + 11. What is the remainder when d is divided by 1?
0
What is the remainder when 276/20 + (-1)/(-5) is divided by 3?
2
Let f be -4*(44/(-16) + 2). Suppose 2*w - z - 89 = 0, 0 = f*w - 4*z - 64 - 82. What is the remainder when w is divided by 11?
9
Let j = -33 - -20. Let z = j - -18. Suppose -9 + 135 = 4*x - 5*u, 2*x - z*u - 68 = 0. Calculate the remainder when x is divided by 8.
5
What is the remainder when 62 is divided by 639/72 - (-2)/16?
8
Suppose 0 + 20 = 4*n. Suppose 37 = 13*c - 93. Let g = n + c. What is the remainder when g is divided by 4?
3
Calculate the remainder when 10/(-2) - 56/(-1) is divided by 14.
9
Let c(h) = 7*h + 3. Let y(j) = -3*j - 2. Let f(b) = 3*c(b) + 5*y(b). Calculate the remainder when f(5) is divided by ((-24)/16)/((-1)/10).
14
Let i be 3*-16*(-3 + 2). What is the remainder when 23 is divided by (i/(-9))/((-2)/3)?
7
Let i(l) = -l**3 + 7*l**2 + 9*l - 1. What is the remainder when i(8) is divided by 4/2 + -1 + 1?
1
Suppose -2*v + 39 = 9. Let y = -61 - -97. Suppose y = u - 8. Calculate the remainder when u is divided by v.
14
Let d(r) = -11*r**3 - r**2. Calculate the remainder when 39 is divided by d(-1).
9
Suppose -6*l + 5*l = -14. Suppose -g + 30 - 5 = 0. What is the remainder when g is divided by l?
11
Let x = -41 - -53. Let s = 7 + 0. What is the remainder when x is divided by s?
5
Suppose 18 = -2*f + 4*f. What is the remainder when 24 is divided by f?
6
Suppose -31 - 9 = -8*o. What is the remainder when o is divided by 3?
2
Let l = 33 + -9. What is the remainder when l is divided by (-1)/(-3) + 38/3?
11
Suppose c = -3, -2*q + 3*q - 2*c = 137. What is the remainder when q is divided by 11?
10
Suppose 2*v + a = 36, -5*a = -v + 3*v - 44. What is the remainder when 29 is divided by v?
12
Suppose -5*i + 45 = 2*y - 18, 123 = 3*y - 2*i. Calculate the remainder when 75 is divided by y.
36
Let o(f) = -2*f**2 + 16*f + 7. What is the remainder when 12 is divided by o(8)?
5
Let t(q) = 2*q - 4. Let c be t(-3). Let b be 32/(-6)*(-15)/c. Let l = -5 - b. Calculate the remainder when l is divided by 2.
1
Let h(k) = 2*k**2 - 5*k - 3. Let o be h(5). What is the remainder when ((-10)/(-4))/(2/24) is divided by o/(-4 - -6*1)?
8
Let a(u) = -u**2 - 25*u - 12. Calculate the remainder when a(-13) is divided by 37.
33
What is the remainder when (-2*9)/(-9 + 7) is divided by 3?
0
Let c(g) = 7*g. Let h = 31 + -7. Let l = -19 + h. Calculate the remainder when c(2) is divided by l.
4
Calculate the remainder when 4 is divided by (0 + (-3)/(-9))*9.
1
Let j(m) = -2*m**2 + 41*m - 5. Calculate the remainder when 95 is divided by j(20).
5
Let r = 7 + -8. What is the remainder when (-1 - 74)/3*r is divided by 14?
11
Calculate the remainder when 44 is divided by 7/(-35) - 152/(-10).
14
Suppose -2*u = -y + 10, 0*y - 2*y = -u - 17. Calculate the remainder when 13 is divided by y.
5
Let f be 31/2 - 1/(-2). Suppose -3*h - h = -f. Suppose h*o = 11 + 5. Calculate the remainder when 5 is divided by o.
1
Suppose -3*g - 24 = -3*a - 0*g, -2*a = -3*g - 21. Let b = a - -18. Calculate the remainder when b is divided by 6.
3
Suppose -3*k + 48 = -0*k. Let g = 8 - 6. Suppose 0 = -g*o + 63 - 1. What is the remainder when o is divided by k?
15
Let m(g) = g**3 - 3*g**2 + 5*g - 2. What is the remainder when 25 is divided by m(3)?
12
Suppose 0 = 2*m - 5*r - 3, 4*r + 1 = m + r. What is the remainder when m is divided by 3?
1
Let m(n) = -2*n**3 - 3*n**2 + 2*n - 7. What is the remainder when 124 is divided by m(-3)?
12
Let a = 51 + -50. Let d = -8 - -18. Let l = d - a. What is the remainder when 24 is divided by l?
6
Let t(z) = 3*z + 4. What is the remainder when 36 is divided by t(3)?
10
Suppose d + 0*d = -5. Suppose -s = -6*s - 120. Let p = d - s. What is the remainder when 37 is di